{"id":540,"date":"2016-09-23T10:48:37","date_gmt":"2016-09-23T16:48:37","guid":{"rendered":"http:\/\/www.irapuato.gob.mx\/transparencia\/?page_id=540"},"modified":"2023-08-08T14:39:11","modified_gmt":"2023-08-08T20:39:11","slug":"a26-f50","status":"publish","type":"page","link":"https:\/\/www.irapuato.gob.mx\/transparencia\/a26-f50\/","title":{"rendered":"Fracci\u00f3n L. Otra Informaci\u00f3n Relacionada"},"content":{"rendered":"\n<p><a href=\"https:\/\/www.irapuato.gob.mx\/transparencia\/imco\/attachment\/2023\/\" rel=\"attachment wp-att-20521\"><img decoding=\"async\" loading=\"lazy\" class=\"aligncenter size-full wp-image-20521\" src=\"https:\/\/www.irapuato.gob.mx\/transparencia\/wp-content\/uploads\/2023\/02\/2023.jpg\" alt=\"\" width=\"288\" height=\"111\" \/><\/a><\/p>\n<table class=\"aligncenter\" border=\"2\">\n<tbody>\n<tr>\n<td style=\"text-align: center; width: 135px; vertical-align: middle; background-color: #dbdbdb;\"><b>Municipio de Irapuato<\/b><\/td>\n<td style=\"text-align: center; vertical-align: middle; background-color: #dbdbdb; width: 80px;\" colspan=\"4\">Anual<\/td>\n<\/tr>\n<tr>\n<td style=\"vertical-align: middle; text-align: center; width: 135px;\">Otra informaci\u00f3n relacionada<\/td>\n<td style=\"width: 80px; height: 50px; text-align: center; vertical-align: middle;\" colspan=\"4\"><a href=\"https:\/\/transparencia.irapuato.gob.mx\/ART26\/2023\/Transparencia\/23_1T_UT_A26_F50.xlsx\"><img decoding=\"async\" loading=\"lazy\" class=\"aligncenter wp-image-434\" title=\"Anual\" src=\"https:\/\/www.irapuato.gob.mx\/transparencia\/wp-content\/uploads\/2016\/09\/excel-icon.png\" alt=\"\" width=\"50\" height=\"50\" srcset=\"https:\/\/www.irapuato.gob.mx\/transparencia\/wp-content\/uploads\/2016\/09\/excel-icon.png 256w, https:\/\/www.irapuato.gob.mx\/transparencia\/wp-content\/uploads\/2016\/09\/excel-icon-150x150.png 150w\" sizes=\"(max-width: 50px) 100vw, 50px\" \/><\/a><\/td>\n<\/tr>\n<\/tbody>\n<\/table>\n<p><a href=\"https:\/\/www.irapuato.gob.mx\/transparencia\/fraccion-i-leyes-y-reglamentos\/attachment\/2022\/\" rel=\"attachment wp-att-18050\"><img decoding=\"async\" loading=\"lazy\" class=\"aligncenter size-full wp-image-18050\" src=\"https:\/\/www.irapuato.gob.mx\/transparencia\/wp-content\/uploads\/2022\/03\/2022.jpg\" alt=\"\" width=\"286\" height=\"124\" \/><\/a><\/p>\n<table class=\"aligncenter\" border=\"2\">\n<tbody>\n<tr>\n<td style=\"text-align: center; width: 135px; vertical-align: middle; background-color: #dbdbdb;\"><b>Municipio de Irapuato<\/b><\/td>\n<td style=\"text-align: center; vertical-align: middle; background-color: #dbdbdb; width: 80px;\" colspan=\"4\">Anual<\/td>\n<\/tr>\n<tr>\n<td style=\"vertical-align: middle; text-align: center; width: 135px;\">Otra informaci\u00f3n relacionada<\/td>\n<td style=\"width: 80px; height: 50px; text-align: center; vertical-align: middle;\" colspan=\"4\"><a href=\"https:\/\/transparencia.irapuato.gob.mx\/ART26\/2022\/Transparencia\/1T\/22_1T_UT_A26_F50.xlsx\"><img decoding=\"async\" loading=\"lazy\" class=\"aligncenter wp-image-434\" title=\"Anual\" src=\"https:\/\/www.irapuato.gob.mx\/transparencia\/wp-content\/uploads\/2016\/09\/excel-icon.png\" alt=\"\" width=\"50\" height=\"50\" srcset=\"https:\/\/www.irapuato.gob.mx\/transparencia\/wp-content\/uploads\/2016\/09\/excel-icon.png 256w, https:\/\/www.irapuato.gob.mx\/transparencia\/wp-content\/uploads\/2016\/09\/excel-icon-150x150.png 150w\" sizes=\"(max-width: 50px) 100vw, 50px\" \/><\/a><\/td>\n<\/tr>\n<\/tbody>\n<\/table>\n<p><a href=\"https:\/\/www.irapuato.gob.mx\/transparencia\/clasificacion-por-objeto-del-gato-a-nivel-de-capitulo-concepto-y-partida-generica\/attachment\/2021\/\" rel=\"attachment wp-att-14058\"><img decoding=\"async\" loading=\"lazy\" class=\"aligncenter  wp-image-14058\" src=\"https:\/\/www.irapuato.gob.mx\/transparencia\/wp-content\/uploads\/2021\/02\/2021-e1614098541780.png\" alt=\"\" width=\"274\" height=\"107\" srcset=\"https:\/\/www.irapuato.gob.mx\/transparencia\/wp-content\/uploads\/2021\/02\/2021-e1614098541780.png 386w, https:\/\/www.irapuato.gob.mx\/transparencia\/wp-content\/uploads\/2021\/02\/2021-e1614098541780-300x117.png 300w\" sizes=\"(max-width: 274px) 100vw, 274px\" \/><\/a><\/p>\n\n\n<table class=\"aligncenter\" border=\"2\">\n<tbody>\n<tr>\n<td style=\"text-align: center; width: 135px; vertical-align: middle; background-color: #dbdbdb;\"><b>Municipio de Irapuato<\/b><\/td>\n<td style=\"text-align: center; vertical-align: middle; background-color: #dbdbdb; width: 80px;\" colspan=\"4\">Anual<\/td>\n<\/tr>\n<tr>\n<td style=\"vertical-align: middle; text-align: center; width: 135px;\">Otra informaci\u00f3n relacionada<\/td>\n<td style=\"width: 80px; height: 50px; text-align: center; vertical-align: middle;\" colspan=\"4\"><a href=\"https:\/\/transparencia.irapuato.gob.mx\/ART26\/2021\/Transparencia\/3T\/21_3T_UT_A26_F50.xlsx\"><img decoding=\"async\" loading=\"lazy\" class=\"aligncenter wp-image-434\" title=\"Anual\" src=\"https:\/\/www.irapuato.gob.mx\/transparencia\/wp-content\/uploads\/2016\/09\/excel-icon.png\" alt=\"\" width=\"50\" height=\"50\" srcset=\"https:\/\/www.irapuato.gob.mx\/transparencia\/wp-content\/uploads\/2016\/09\/excel-icon.png 256w, https:\/\/www.irapuato.gob.mx\/transparencia\/wp-content\/uploads\/2016\/09\/excel-icon-150x150.png 150w\" sizes=\"(max-width: 50px) 100vw, 50px\" \/><\/a><\/td>\n<\/tr>\n<\/tbody>\n<\/table>\n\n<div class=\"pvc_clear\"><\/div><p class=\"pvc_stats all \" data-element-id=\"540\" style=\"\"><i class=\"pvc-stats-icon medium\" aria-hidden=\"true\"><svg aria-hidden=\"true\" focusable=\"false\" data-prefix=\"far\" data-icon=\"chart-bar\" role=\"img\" xmlns=\"http:\/\/www.w3.org\/2000\/svg\" viewBox=\"0 0 512 512\" class=\"svg-inline--fa fa-chart-bar fa-w-16 fa-2x\"><path fill=\"currentColor\" d=\"M396.8 352h22.4c6.4 0 12.8-6.4 12.8-12.8V108.8c0-6.4-6.4-12.8-12.8-12.8h-22.4c-6.4 0-12.8 6.4-12.8 12.8v230.4c0 6.4 6.4 12.8 12.8 12.8zm-192 0h22.4c6.4 0 12.8-6.4 12.8-12.8V140.8c0-6.4-6.4-12.8-12.8-12.8h-22.4c-6.4 0-12.8 6.4-12.8 12.8v198.4c0 6.4 6.4 12.8 12.8 12.8zm96 0h22.4c6.4 0 12.8-6.4 12.8-12.8V204.8c0-6.4-6.4-12.8-12.8-12.8h-22.4c-6.4 0-12.8 6.4-12.8 12.8v134.4c0 6.4 6.4 12.8 12.8 12.8zM496 400H48V80c0-8.84-7.16-16-16-16H16C7.16 64 0 71.16 0 80v336c0 17.67 14.33 32 32 32h464c8.84 0 16-7.16 16-16v-16c0-8.84-7.16-16-16-16zm-387.2-48h22.4c6.4 0 12.8-6.4 12.8-12.8v-70.4c0-6.4-6.4-12.8-12.8-12.8h-22.4c-6.4 0-12.8 6.4-12.8 12.8v70.4c0 6.4 6.4 12.8 12.8 12.8z\" class=\"\"><\/path><\/svg><\/i> &nbsp;2,544&nbsp;total views, &nbsp;1&nbsp;views today<\/p><div class=\"pvc_clear\"><\/div>","protected":false},"excerpt":{"rendered":"<p>Municipio de Irapuato Anual Otra informaci\u00f3n relacionada Municipio de Irapuato Anual Otra informaci\u00f3n relacionada Municipio de Irapuato Anual Otra informaci\u00f3n relacionada &nbsp;2,544&nbsp;total views, &nbsp;1&nbsp;views today<\/p>\n<div class=\"pvc_clear\"><\/div>\n<p class=\"pvc_stats all \" data-element-id=\"540\" style=\"\"><i class=\"pvc-stats-icon medium\" aria-hidden=\"true\"><svg aria-hidden=\"true\" focusable=\"false\" data-prefix=\"far\" data-icon=\"chart-bar\" role=\"img\" xmlns=\"http:\/\/www.w3.org\/2000\/svg\" viewBox=\"0 0 512 512\" class=\"svg-inline--fa fa-chart-bar fa-w-16 fa-2x\"><path fill=\"currentColor\" d=\"M396.8 352h22.4c6.4 0 12.8-6.4 12.8-12.8V108.8c0-6.4-6.4-12.8-12.8-12.8h-22.4c-6.4 0-12.8 6.4-12.8 12.8v230.4c0 6.4 6.4 12.8 12.8 12.8zm-192 0h22.4c6.4 0 12.8-6.4 12.8-12.8V140.8c0-6.4-6.4-12.8-12.8-12.8h-22.4c-6.4 0-12.8 6.4-12.8 12.8v198.4c0 6.4 6.4 12.8 12.8 12.8zm96 0h22.4c6.4 0 12.8-6.4 12.8-12.8V204.8c0-6.4-6.4-12.8-12.8-12.8h-22.4c-6.4 0-12.8 6.4-12.8 12.8v134.4c0 6.4 6.4 12.8 12.8 12.8zM496 400H48V80c0-8.84-7.16-16-16-16H16C7.16 64 0 71.16 0 80v336c0 17.67 14.33 32 32 32h464c8.84 0 16-7.16 16-16v-16c0-8.84-7.16-16-16-16zm-387.2-48h22.4c6.4 0 12.8-6.4 12.8-12.8v-70.4c0-6.4-6.4-12.8-12.8-12.8h-22.4c-6.4 0-12.8 6.4-12.8 12.8v70.4c0 6.4 6.4 12.8 12.8 12.8z\" class=\"\"><\/path><\/svg><\/i> &nbsp;2,544&nbsp;total views, &nbsp;1&nbsp;views today<\/p>\n<div class=\"pvc_clear\"><\/div>\n","protected":false},"author":1,"featured_media":0,"parent":0,"menu_order":0,"comment_status":"closed","ping_status":"closed","template":"","meta":{"footnotes":""},"_links":{"self":[{"href":"https:\/\/www.irapuato.gob.mx\/transparencia\/wp-json\/wp\/v2\/pages\/540"}],"collection":[{"href":"https:\/\/www.irapuato.gob.mx\/transparencia\/wp-json\/wp\/v2\/pages"}],"about":[{"href":"https:\/\/www.irapuato.gob.mx\/transparencia\/wp-json\/wp\/v2\/types\/page"}],"author":[{"embeddable":true,"href":"https:\/\/www.irapuato.gob.mx\/transparencia\/wp-json\/wp\/v2\/users\/1"}],"replies":[{"embeddable":true,"href":"https:\/\/www.irapuato.gob.mx\/transparencia\/wp-json\/wp\/v2\/comments?post=540"}],"version-history":[{"count":7,"href":"https:\/\/www.irapuato.gob.mx\/transparencia\/wp-json\/wp\/v2\/pages\/540\/revisions"}],"predecessor-version":[{"id":22911,"href":"https:\/\/www.irapuato.gob.mx\/transparencia\/wp-json\/wp\/v2\/pages\/540\/revisions\/22911"}],"wp:attachment":[{"href":"https:\/\/www.irapuato.gob.mx\/transparencia\/wp-json\/wp\/v2\/media?parent=540"}],"curies":[{"name":"wp","href":"https:\/\/api.w.org\/{rel}","templated":true}]}}