{"id":13849,"date":"2021-02-08T13:06:38","date_gmt":"2021-02-08T19:06:38","guid":{"rendered":"http:\/\/www.irapuato.gob.mx\/transparencia\/?page_id=13849"},"modified":"2023-07-11T12:40:06","modified_gmt":"2023-07-11T18:40:06","slug":"leyes-reglamentos-y-disposiciones-vigentes","status":"publish","type":"page","link":"https:\/\/www.irapuato.gob.mx\/transparencia\/leyes-reglamentos-y-disposiciones-vigentes\/","title":{"rendered":"Leyes, Reglamentos y Disposiciones vigentes"},"content":{"rendered":"<h2><strong>Reglamentos<\/strong><\/h2>\n<p id=\"E231\" class=\"qowt-li-2_0 qowt-list qowt-stl-Prrafodelista x-scope qowt-word-para-0\" style=\"text-align: center;\"><span id=\"E232\">Reglamento Org\u00e1nico de l<\/span><span id=\"E233\">a Administraci\u00f3n P\u00fablica<\/span><span id=\"E234\"> Municipal d<\/span><span id=\"E235\">e Irapuato, Guanajuato.<\/span><\/p>\n<p><a href=\"https:\/\/transparencia.irapuato.gob.mx\/Reglamentos\/1.-Reglamento%20Organico.docx\"><img decoding=\"async\" loading=\"lazy\" class=\"wp-image-8850 aligncenter\" src=\"https:\/\/www.irapuato.gob.mx\/transparencia\/wp-content\/uploads\/2019\/07\/Doc.png\" alt=\"\" width=\"75\" height=\"74\" srcset=\"https:\/\/www.irapuato.gob.mx\/transparencia\/wp-content\/uploads\/2019\/07\/Doc.png 267w, https:\/\/www.irapuato.gob.mx\/transparencia\/wp-content\/uploads\/2019\/07\/Doc-150x150.png 150w\" sizes=\"(max-width: 75px) 100vw, 75px\" \/><\/a><\/p>\n<p id=\"E236\" class=\"qowt-li-2_0 qowt-list qowt-stl-Prrafodelista x-scope qowt-word-para-0\" style=\"text-align: center;\"><span id=\"E237\">Reglamento Interior del Ayuntamiento del Municipio de Irapuato, Guanajuato<\/span><\/p>\n<p style=\"text-align: center;\"><a href=\"https:\/\/transparencia.irapuato.gob.mx\/Reglamentos\/Reglamento%20Interior%20del%20Ayuntamiento%20del%20Municipio%20de%20Irapuato%2C%20Guanajuato%20-%20Reforma%2015%2005%202023.docx\"><img decoding=\"async\" loading=\"lazy\" class=\"aligncenter wp-image-8850\" src=\"https:\/\/www.irapuato.gob.mx\/transparencia\/wp-content\/uploads\/2019\/07\/Doc.png\" alt=\"\" width=\"75\" height=\"74\" srcset=\"https:\/\/www.irapuato.gob.mx\/transparencia\/wp-content\/uploads\/2019\/07\/Doc.png 267w, https:\/\/www.irapuato.gob.mx\/transparencia\/wp-content\/uploads\/2019\/07\/Doc-150x150.png 150w\" sizes=\"(max-width: 75px) 100vw, 75px\" \/><\/a><\/p>\n<p id=\"E238\" class=\"qowt-li-2_0 qowt-list qowt-stl-Prrafodelista x-scope qowt-word-para-0\" style=\"text-align: center;\"><span id=\"E239\">Reglamento de <\/span><span id=\"E240\">Tr\u00e1nsito<\/span><span id=\"E241\"> del Municipio de <\/span><span id=\"E242\">Irapuato, Guanajuato. Reformado<\/span><\/p>\n<p style=\"text-align: center;\"><a href=\"https:\/\/transparencia.irapuato.gob.mx\/Reglamentos\/ReglamentodeTransitoReformado.docx\"><img decoding=\"async\" loading=\"lazy\" class=\"aligncenter wp-image-8850\" src=\"https:\/\/www.irapuato.gob.mx\/transparencia\/wp-content\/uploads\/2019\/07\/Doc.png\" alt=\"\" width=\"75\" height=\"74\" srcset=\"https:\/\/www.irapuato.gob.mx\/transparencia\/wp-content\/uploads\/2019\/07\/Doc.png 267w, https:\/\/www.irapuato.gob.mx\/transparencia\/wp-content\/uploads\/2019\/07\/Doc-150x150.png 150w\" sizes=\"(max-width: 75px) 100vw, 75px\" \/><\/a><\/p>\n<p id=\"E243\" class=\"qowt-li-2_0 qowt-list qowt-stl-Prrafodelista x-scope qowt-word-para-0\" style=\"text-align: center;\"><span id=\"E244\">Reglamento del Servicio Profesional de Carrera Policial del Municipio de Irapuato, Guanajuato.<\/span><\/p>\n<p style=\"text-align: center;\"><a href=\"https:\/\/transparencia.irapuato.gob.mx\/HV\/2020\/0257_Reglamento\/Reglamento%20del%20Servicio%20Profesional%20de%20Carrera%20Policial%20del%20Municipio%20de%20Irapuato%2C%20Guanajuato.pdf\" rel=\"attachment wp-att-435\"><img decoding=\"async\" loading=\"lazy\" class=\"aligncenter wp-image-435\" src=\"https:\/\/www.irapuato.gob.mx\/transparencia\/wp-content\/uploads\/2016\/09\/pdf-icon-150x150.png\" alt=\"\" width=\"75\" height=\"75\" srcset=\"https:\/\/www.irapuato.gob.mx\/transparencia\/wp-content\/uploads\/2016\/09\/pdf-icon-150x150.png 150w, https:\/\/www.irapuato.gob.mx\/transparencia\/wp-content\/uploads\/2016\/09\/pdf-icon.png 256w\" sizes=\"(max-width: 75px) 100vw, 75px\" \/><\/a><\/p>\n<p id=\"E245\" class=\"qowt-li-2_0 qowt-list qowt-stl-Prrafodelista x-scope qowt-word-para-0\" style=\"text-align: center;\"><span id=\"E246\">Reglamento para el Funcionamiento de Establecimientos Mercantiles, Industriales y de Prestaci\u00f3n de Servicios en el Municipio de Irapuato, Guanajuato.<\/span><\/p>\n<p style=\"text-align: center;\"><a href=\"https:\/\/transparencia.irapuato.gob.mx\/Disposiciones%20administrativas\/Reglamento%20para%20el%20Funcionamiento%20de%20Establecimientos%20Mercantiles%2C%20Industriales%20y%20de%20Prestaci%C3%B3n%20de%20Servicios%20en%20el%20Municipio%20de%20Irapuato%2C%20Guanajuato.pdf\"><img decoding=\"async\" loading=\"lazy\" class=\"aligncenter wp-image-435\" src=\"https:\/\/www.irapuato.gob.mx\/transparencia\/wp-content\/uploads\/2016\/09\/pdf-icon-150x150.png\" alt=\"\" width=\"75\" height=\"75\" srcset=\"https:\/\/www.irapuato.gob.mx\/transparencia\/wp-content\/uploads\/2016\/09\/pdf-icon-150x150.png 150w, https:\/\/www.irapuato.gob.mx\/transparencia\/wp-content\/uploads\/2016\/09\/pdf-icon.png 256w\" sizes=\"(max-width: 75px) 100vw, 75px\" \/><\/a><\/p>\n<p id=\"E247\" class=\"qowt-li-2_0 qowt-list qowt-stl-Prrafodelista x-scope qowt-word-para-0\" style=\"text-align: center;\"><span id=\"E248\">Reglamento de Obra P\u00fablica y Servicios relacionados con la misma para el Municipio de Irapuato, Guanajuato.<\/span><\/p>\n<p style=\"text-align: center;\"><a href=\"https:\/\/transparencia.irapuato.gob.mx\/Reglamentos\/Reglamento%20de%20Obra%20P%C3%BAblica%20y%20Servicios%20relacionados%20con%20la%20misma%20para%20el%20Municipio%20de%20Irapuato%2C%20Guanajuato.pdf\"><img decoding=\"async\" loading=\"lazy\" class=\"aligncenter wp-image-435\" src=\"https:\/\/www.irapuato.gob.mx\/transparencia\/wp-content\/uploads\/2016\/09\/pdf-icon-150x150.png\" alt=\"\" width=\"75\" height=\"75\" srcset=\"https:\/\/www.irapuato.gob.mx\/transparencia\/wp-content\/uploads\/2016\/09\/pdf-icon-150x150.png 150w, https:\/\/www.irapuato.gob.mx\/transparencia\/wp-content\/uploads\/2016\/09\/pdf-icon.png 256w\" sizes=\"(max-width: 75px) 100vw, 75px\" \/><\/a><\/p>\n<p id=\"E249\" class=\"qowt-li-2_0 qowt-list qowt-stl-Prrafodelista x-scope qowt-word-para-0\" style=\"text-align: center;\"><span id=\"E250\">Reglamento de Transparencia y Acceso a la Informaci\u00f3n P\u00fablica del Municipio de Irapuato, Guanajuato.<\/span><\/p>\n<p style=\"text-align: center;\"><a href=\"https:\/\/transparencia.irapuato.gob.mx\/Reglamentos\/Reglamento%20de%20Transparencia%20y%20Acceso%20a%20la%20Informaci%C3%B3n%20P%C3%BAblica%20del%20Municipio%20de%20Irapuato%2C%20Guanajuato.pdf\"><img decoding=\"async\" loading=\"lazy\" class=\"aligncenter wp-image-435\" src=\"https:\/\/www.irapuato.gob.mx\/transparencia\/wp-content\/uploads\/2016\/09\/pdf-icon-150x150.png\" alt=\"\" width=\"75\" height=\"75\" srcset=\"https:\/\/www.irapuato.gob.mx\/transparencia\/wp-content\/uploads\/2016\/09\/pdf-icon-150x150.png 150w, https:\/\/www.irapuato.gob.mx\/transparencia\/wp-content\/uploads\/2016\/09\/pdf-icon.png 256w\" sizes=\"(max-width: 75px) 100vw, 75px\" \/><\/a><\/p>\n<p id=\"E251\" class=\"qowt-li-2_0 qowt-list qowt-stl-Prrafodelista x-scope qowt-word-para-0\" style=\"text-align: center;\"><span id=\"E252\">Reglamento para la Tenencia y Protecci\u00f3n de los Animales de Compa\u00f1\u00eda del Municipio de Irapuato, <\/span><span id=\"E253\">Guanajuato.<\/span><\/p>\n<p style=\"text-align: center;\"><a href=\"https:\/\/transparencia.irapuato.gob.mx\/HV\/2021\/0257_DGAJ\/ReglamentoTeneProtecAniCompdelMuniIra.docx\"><img decoding=\"async\" loading=\"lazy\" class=\"aligncenter wp-image-8850\" src=\"https:\/\/www.irapuato.gob.mx\/transparencia\/wp-content\/uploads\/2019\/07\/Doc.png\" alt=\"\" width=\"75\" height=\"74\" srcset=\"https:\/\/www.irapuato.gob.mx\/transparencia\/wp-content\/uploads\/2019\/07\/Doc.png 267w, https:\/\/www.irapuato.gob.mx\/transparencia\/wp-content\/uploads\/2019\/07\/Doc-150x150.png 150w\" sizes=\"(max-width: 75px) 100vw, 75px\" \/><\/a><\/p>\n<p id=\"E254\" class=\"qowt-li-2_0 qowt-list qowt-stl-Prrafodelista x-scope qowt-word-para-0\" style=\"text-align: center;\"><span id=\"E257\">Reglamento<\/span><span id=\"E258\"> para la Gesti\u00f3n Integral de los Residuos S\u00f3lidos del Municipio de Irapuato, Guanajuato.<\/span><\/p>\n<p style=\"text-align: center;\"><a href=\"https:\/\/transparencia.irapuato.gob.mx\/HV\/2021\/0257_DGAJ\/ReglamentoGesti%C3%B3nIntegResiduosS%C3%B3lMunideira.docx\"><img decoding=\"async\" loading=\"lazy\" class=\"aligncenter wp-image-8850\" src=\"https:\/\/www.irapuato.gob.mx\/transparencia\/wp-content\/uploads\/2019\/07\/Doc.png\" alt=\"\" width=\"75\" height=\"74\" srcset=\"https:\/\/www.irapuato.gob.mx\/transparencia\/wp-content\/uploads\/2019\/07\/Doc.png 267w, https:\/\/www.irapuato.gob.mx\/transparencia\/wp-content\/uploads\/2019\/07\/Doc-150x150.png 150w\" sizes=\"(max-width: 75px) 100vw, 75px\" \/><\/a><\/p>\n<p id=\"E259\" class=\"qowt-li-2_0 qowt-list qowt-stl-Prrafodelista x-scope qowt-word-para-0\" style=\"text-align: center;\"><span id=\"E260\">Reglamento del Consejo para la Inclusi\u00f3n Social de las Personas con Discapacidad Y Personas Adultas Mayores del Municipio de Irapuato, Guanajuato.<\/span><\/p>\n<p style=\"text-align: center;\"><a href=\"https:\/\/transparencia.irapuato.gob.mx\/Reglamentos\/REGLAMENTODELCONSEJOPARALAINCLUSIONSOCIALDELASPERSONASCONDISCAPACIDADYPERSONAS.docx\"><img decoding=\"async\" loading=\"lazy\" class=\"aligncenter wp-image-8850\" src=\"https:\/\/www.irapuato.gob.mx\/transparencia\/wp-content\/uploads\/2019\/07\/Doc.png\" alt=\"\" width=\"75\" height=\"74\" srcset=\"https:\/\/www.irapuato.gob.mx\/transparencia\/wp-content\/uploads\/2019\/07\/Doc.png 267w, https:\/\/www.irapuato.gob.mx\/transparencia\/wp-content\/uploads\/2019\/07\/Doc-150x150.png 150w\" sizes=\"(max-width: 75px) 100vw, 75px\" \/><\/a><\/p>\n<p id=\"E261\" class=\"qowt-li-2_0 qowt-list qowt-stl-Prrafodelista x-scope qowt-word-para-0\" style=\"text-align: center;\"><span id=\"E262\">Reglamento del Sistema Municipal para la Igualdad Sustantiva entre Mujeres y Hombres para el Municipio de Irapuato, Guanajuato.<\/span><\/p>\n<p style=\"text-align: center;\"><a href=\"https:\/\/transparencia.irapuato.gob.mx\/Reglamentos\/REGLAMENTO%20DEL%20SISTEMA%20MUNICIPAL%20PARA%20LA%20IGUALDAD%20SUSTANTIVA%20ENTRE%20MUJERES%20Y%20HOMBRES%20PARA%20EL%20MUNICIPIO%20IRAPUATO.docx\"><img decoding=\"async\" loading=\"lazy\" class=\"aligncenter wp-image-8850\" src=\"https:\/\/www.irapuato.gob.mx\/transparencia\/wp-content\/uploads\/2019\/07\/Doc.png\" alt=\"\" width=\"75\" height=\"74\" srcset=\"https:\/\/www.irapuato.gob.mx\/transparencia\/wp-content\/uploads\/2019\/07\/Doc.png 267w, https:\/\/www.irapuato.gob.mx\/transparencia\/wp-content\/uploads\/2019\/07\/Doc-150x150.png 150w\" sizes=\"(max-width: 75px) 100vw, 75px\" \/><\/a><\/p>\n<p id=\"E263\" class=\"qowt-li-2_0 qowt-list qowt-stl-Prrafodelista x-scope qowt-word-para-0\" style=\"text-align: center;\"><span id=\"E264\">Reglamento de Justicia C\u00edvica para el Municipio de Irapuato, Guanajuato<\/span><\/p>\n<p style=\"text-align: center;\"><a href=\"https:\/\/transparencia.irapuato.gob.mx\/Reglamentos\/Reglamento%20de%20Justicia%20C%C3%ADvica%20para%20el%20Municipio%20de%20Irapuato%2C%20Guanajuato.docx\"><img decoding=\"async\" loading=\"lazy\" class=\"aligncenter wp-image-8850\" src=\"https:\/\/www.irapuato.gob.mx\/transparencia\/wp-content\/uploads\/2019\/07\/Doc.png\" alt=\"\" width=\"75\" height=\"74\" srcset=\"https:\/\/www.irapuato.gob.mx\/transparencia\/wp-content\/uploads\/2019\/07\/Doc.png 267w, https:\/\/www.irapuato.gob.mx\/transparencia\/wp-content\/uploads\/2019\/07\/Doc-150x150.png 150w\" sizes=\"(max-width: 75px) 100vw, 75px\" \/><\/a><\/p>\n<p style=\"text-align: center;\">Reglamento para garantizar el Derecho de Manifestaci\u00f3n en el Municipio de Irapuato, Guanajuato<\/p>\n<p><a href=\"https:\/\/transparencia.irapuato.gob.mx\/Reglamentos\/Reglamento%20para%20garantizar%20el%20Derecho%20de%20Manifestaci%C3%B3n%20en%20el%20Municipio%20de%20Irapuato%2C%20Guanajuato.docx\"><img decoding=\"async\" loading=\"lazy\" class=\"aligncenter wp-image-8850\" src=\"https:\/\/www.irapuato.gob.mx\/transparencia\/wp-content\/uploads\/2019\/07\/Doc.png\" alt=\"\" width=\"75\" height=\"74\" srcset=\"https:\/\/www.irapuato.gob.mx\/transparencia\/wp-content\/uploads\/2019\/07\/Doc.png 267w, https:\/\/www.irapuato.gob.mx\/transparencia\/wp-content\/uploads\/2019\/07\/Doc-150x150.png 150w\" sizes=\"(max-width: 75px) 100vw, 75px\" \/><\/a><\/p>\n<p style=\"text-align: center;\">Reglas de Operaci\u00f3n del Programa para el Otorgamiento de Apoyos Economicos Educativos<\/p>\n<p><a href=\"https:\/\/transparencia.irapuato.gob.mx\/Reglamentos\/Reglas%20de%20Operaci%C3%B3n%20del%20Programa%20para%20el%20Otorgamiento%20de%20Apoyos%20Economicos%20Educativos.docx\"><img decoding=\"async\" loading=\"lazy\" class=\"aligncenter wp-image-8850\" src=\"https:\/\/www.irapuato.gob.mx\/transparencia\/wp-content\/uploads\/2019\/07\/Doc.png\" alt=\"\" width=\"75\" height=\"74\" srcset=\"https:\/\/www.irapuato.gob.mx\/transparencia\/wp-content\/uploads\/2019\/07\/Doc.png 267w, https:\/\/www.irapuato.gob.mx\/transparencia\/wp-content\/uploads\/2019\/07\/Doc-150x150.png 150w\" sizes=\"(max-width: 75px) 100vw, 75px\" \/><\/a><\/p>\n<p style=\"text-align: center;\">\n<h2><strong>Leyes<\/strong><\/h2>\n<p><a href=\"https:\/\/transparencia.irapuato.gob.mx\/SEvAC\/Ley%20de%20Hacienda%20para%20los%20Municipios%20del%20Estado%20de%20Guanajuato.pdf\" rel=\"attachment wp-att-435\"><img decoding=\"async\" loading=\"lazy\" class=\"aligncenter wp-image-435\" src=\"https:\/\/www.irapuato.gob.mx\/transparencia\/wp-content\/uploads\/2016\/09\/pdf-icon-150x150.png\" alt=\"\" width=\"75\" height=\"75\" srcset=\"https:\/\/www.irapuato.gob.mx\/transparencia\/wp-content\/uploads\/2016\/09\/pdf-icon-150x150.png 150w, https:\/\/www.irapuato.gob.mx\/transparencia\/wp-content\/uploads\/2016\/09\/pdf-icon.png 256w\" sizes=\"(max-width: 75px) 100vw, 75px\" \/><\/a><\/p>\n<p style=\"text-align: center;\">Ley de Hacienda para los Municipios del Estado de Guanajuato.<\/p>\n<p><a href=\"https:\/\/transparencia.irapuato.gob.mx\/SEvAC\/2023\/CYP\/LEY%20DE%20INGRESOS%20%202023%20IRAPUATO%20PO_260_13va_Parte.pdf\"><img decoding=\"async\" loading=\"lazy\" class=\"aligncenter wp-image-435\" src=\"https:\/\/www.irapuato.gob.mx\/transparencia\/wp-content\/uploads\/2016\/09\/pdf-icon-150x150.png\" alt=\"\" width=\"75\" height=\"75\" srcset=\"https:\/\/www.irapuato.gob.mx\/transparencia\/wp-content\/uploads\/2016\/09\/pdf-icon-150x150.png 150w, https:\/\/www.irapuato.gob.mx\/transparencia\/wp-content\/uploads\/2016\/09\/pdf-icon.png 256w\" sizes=\"(max-width: 75px) 100vw, 75px\" \/><\/a><a href=\"https:\/\/transparencia.irapuato.gob.mx\/SEvAC\/2023\/CYP\/LEY%20DE%20INGRESOS%202023%20IRAPUATO%20PO_260_14va_Parte.pdf\"><img decoding=\"async\" loading=\"lazy\" class=\"aligncenter wp-image-435\" src=\"https:\/\/www.irapuato.gob.mx\/transparencia\/wp-content\/uploads\/2016\/09\/pdf-icon-150x150.png\" alt=\"\" width=\"75\" height=\"75\" srcset=\"https:\/\/www.irapuato.gob.mx\/transparencia\/wp-content\/uploads\/2016\/09\/pdf-icon-150x150.png 150w, https:\/\/www.irapuato.gob.mx\/transparencia\/wp-content\/uploads\/2016\/09\/pdf-icon.png 256w\" sizes=\"(max-width: 75px) 100vw, 75px\" \/><\/a><\/p>\n<p style=\"text-align: center;\">Ley de Ingresos para el Municipio de Irapuato para el Ejercicio Fiscal 2023.<\/p>\n<h2><strong>Disposiciones<\/strong><\/h2>\n<h2><\/h2>\n<p style=\"text-align: center;\">Disposiciones Administrativas de Recaudaci\u00f3n para el Municipio de Irapuato, Guanajuato, para el Ejercicio Fiscal 2023.<\/p>\n<h2><a href=\"https:\/\/transparencia.irapuato.gob.mx\/SEvAC\/2023\/CYP\/Disposiciones%20Administrativas%20%202023%20PO_252_2da_Parte.pdf\"><img decoding=\"async\" loading=\"lazy\" class=\"aligncenter wp-image-435\" src=\"https:\/\/www.irapuato.gob.mx\/transparencia\/wp-content\/uploads\/2016\/09\/pdf-icon-150x150.png\" alt=\"\" width=\"75\" height=\"75\" srcset=\"https:\/\/www.irapuato.gob.mx\/transparencia\/wp-content\/uploads\/2016\/09\/pdf-icon-150x150.png 150w, https:\/\/www.irapuato.gob.mx\/transparencia\/wp-content\/uploads\/2016\/09\/pdf-icon.png 256w\" sizes=\"(max-width: 75px) 100vw, 75px\" \/><\/a><\/h2>\n<h2><\/h2>\n<p style=\"text-align: center;\">Programa Anual de Desarrollo Archiv\u00edstico de la Direcci\u00f3n del Archivo Municipal.<\/p>\n<h2><a href=\"https:\/\/transparencia.irapuato.gob.mx\/HV\/2021\/0038_Archivo\/PADA2021.pdf\"><img decoding=\"async\" loading=\"lazy\" class=\"wp-image-435 aligncenter\" src=\"https:\/\/www.irapuato.gob.mx\/transparencia\/wp-content\/uploads\/2016\/09\/pdf-icon-150x150.png\" alt=\"\" width=\"75\" height=\"75\" srcset=\"https:\/\/www.irapuato.gob.mx\/transparencia\/wp-content\/uploads\/2016\/09\/pdf-icon-150x150.png 150w, https:\/\/www.irapuato.gob.mx\/transparencia\/wp-content\/uploads\/2016\/09\/pdf-icon.png 256w\" sizes=\"(max-width: 75px) 100vw, 75px\" \/><\/a><\/h2>\n<p style=\"text-align: center;\">Programa Municipal de Turismo<\/p>\n<h2><a href=\"https:\/\/transparencia.irapuato.gob.mx\/Reglamentos\/Programa%20Municipal%20de%20Turismo.pdf\"><img decoding=\"async\" loading=\"lazy\" class=\"aligncenter wp-image-435\" src=\"https:\/\/www.irapuato.gob.mx\/transparencia\/wp-content\/uploads\/2016\/09\/pdf-icon-150x150.png\" alt=\"\" width=\"75\" height=\"75\" srcset=\"https:\/\/www.irapuato.gob.mx\/transparencia\/wp-content\/uploads\/2016\/09\/pdf-icon-150x150.png 150w, https:\/\/www.irapuato.gob.mx\/transparencia\/wp-content\/uploads\/2016\/09\/pdf-icon.png 256w\" sizes=\"(max-width: 75px) 100vw, 75px\" \/><\/a><\/h2>\n<div class=\"pvc_clear\"><\/div>\n<p class=\"pvc_stats all \" data-element-id=\"13849\" style=\"\"><i class=\"pvc-stats-icon medium\" aria-hidden=\"true\"><svg aria-hidden=\"true\" focusable=\"false\" data-prefix=\"far\" data-icon=\"chart-bar\" role=\"img\" xmlns=\"http:\/\/www.w3.org\/2000\/svg\" viewBox=\"0 0 512 512\" class=\"svg-inline--fa fa-chart-bar fa-w-16 fa-2x\"><path fill=\"currentColor\" d=\"M396.8 352h22.4c6.4 0 12.8-6.4 12.8-12.8V108.8c0-6.4-6.4-12.8-12.8-12.8h-22.4c-6.4 0-12.8 6.4-12.8 12.8v230.4c0 6.4 6.4 12.8 12.8 12.8zm-192 0h22.4c6.4 0 12.8-6.4 12.8-12.8V140.8c0-6.4-6.4-12.8-12.8-12.8h-22.4c-6.4 0-12.8 6.4-12.8 12.8v198.4c0 6.4 6.4 12.8 12.8 12.8zm96 0h22.4c6.4 0 12.8-6.4 12.8-12.8V204.8c0-6.4-6.4-12.8-12.8-12.8h-22.4c-6.4 0-12.8 6.4-12.8 12.8v134.4c0 6.4 6.4 12.8 12.8 12.8zM496 400H48V80c0-8.84-7.16-16-16-16H16C7.16 64 0 71.16 0 80v336c0 17.67 14.33 32 32 32h464c8.84 0 16-7.16 16-16v-16c0-8.84-7.16-16-16-16zm-387.2-48h22.4c6.4 0 12.8-6.4 12.8-12.8v-70.4c0-6.4-6.4-12.8-12.8-12.8h-22.4c-6.4 0-12.8 6.4-12.8 12.8v70.4c0 6.4 6.4 12.8 12.8 12.8z\" class=\"\"><\/path><\/svg><\/i> &nbsp;29,135&nbsp;total views, &nbsp;7&nbsp;views today<\/p>\n<div class=\"pvc_clear\"><\/div>\n","protected":false},"excerpt":{"rendered":"<p>Reglamentos Reglamento Org\u00e1nico de la Administraci\u00f3n P\u00fablica Municipal de Irapuato, Guanajuato. Reglamento Interior del Ayuntamiento del Municipio de Irapuato, Guanajuato Reglamento de Tr\u00e1nsito del Municipio&#8230;<\/p>\n<div class=\"pvc_clear\"><\/div>\n<p class=\"pvc_stats all \" data-element-id=\"13849\" style=\"\"><i class=\"pvc-stats-icon medium\" aria-hidden=\"true\"><svg aria-hidden=\"true\" focusable=\"false\" data-prefix=\"far\" data-icon=\"chart-bar\" role=\"img\" xmlns=\"http:\/\/www.w3.org\/2000\/svg\" viewBox=\"0 0 512 512\" class=\"svg-inline--fa fa-chart-bar fa-w-16 fa-2x\"><path fill=\"currentColor\" d=\"M396.8 352h22.4c6.4 0 12.8-6.4 12.8-12.8V108.8c0-6.4-6.4-12.8-12.8-12.8h-22.4c-6.4 0-12.8 6.4-12.8 12.8v230.4c0 6.4 6.4 12.8 12.8 12.8zm-192 0h22.4c6.4 0 12.8-6.4 12.8-12.8V140.8c0-6.4-6.4-12.8-12.8-12.8h-22.4c-6.4 0-12.8 6.4-12.8 12.8v198.4c0 6.4 6.4 12.8 12.8 12.8zm96 0h22.4c6.4 0 12.8-6.4 12.8-12.8V204.8c0-6.4-6.4-12.8-12.8-12.8h-22.4c-6.4 0-12.8 6.4-12.8 12.8v134.4c0 6.4 6.4 12.8 12.8 12.8zM496 400H48V80c0-8.84-7.16-16-16-16H16C7.16 64 0 71.16 0 80v336c0 17.67 14.33 32 32 32h464c8.84 0 16-7.16 16-16v-16c0-8.84-7.16-16-16-16zm-387.2-48h22.4c6.4 0 12.8-6.4 12.8-12.8v-70.4c0-6.4-6.4-12.8-12.8-12.8h-22.4c-6.4 0-12.8 6.4-12.8 12.8v70.4c0 6.4 6.4 12.8 12.8 12.8z\" class=\"\"><\/path><\/svg><\/i> &nbsp;29,135&nbsp;total views, &nbsp;7&nbsp;views today<\/p>\n<div class=\"pvc_clear\"><\/div>\n","protected":false},"author":2,"featured_media":0,"parent":0,"menu_order":0,"comment_status":"closed","ping_status":"closed","template":"","meta":{"footnotes":""},"_links":{"self":[{"href":"https:\/\/www.irapuato.gob.mx\/transparencia\/wp-json\/wp\/v2\/pages\/13849"}],"collection":[{"href":"https:\/\/www.irapuato.gob.mx\/transparencia\/wp-json\/wp\/v2\/pages"}],"about":[{"href":"https:\/\/www.irapuato.gob.mx\/transparencia\/wp-json\/wp\/v2\/types\/page"}],"author":[{"embeddable":true,"href":"https:\/\/www.irapuato.gob.mx\/transparencia\/wp-json\/wp\/v2\/users\/2"}],"replies":[{"embeddable":true,"href":"https:\/\/www.irapuato.gob.mx\/transparencia\/wp-json\/wp\/v2\/comments?post=13849"}],"version-history":[{"count":18,"href":"https:\/\/www.irapuato.gob.mx\/transparencia\/wp-json\/wp\/v2\/pages\/13849\/revisions"}],"predecessor-version":[{"id":22536,"href":"https:\/\/www.irapuato.gob.mx\/transparencia\/wp-json\/wp\/v2\/pages\/13849\/revisions\/22536"}],"wp:attachment":[{"href":"https:\/\/www.irapuato.gob.mx\/transparencia\/wp-json\/wp\/v2\/media?parent=13849"}],"curies":[{"name":"wp","href":"https:\/\/api.w.org\/{rel}","templated":true}]}}