{"id":11669,"date":"2020-09-10T15:43:57","date_gmt":"2020-09-10T21:43:57","guid":{"rendered":"http:\/\/www.irapuato.gob.mx\/transparencia\/?page_id=11669"},"modified":"2023-08-18T10:24:04","modified_gmt":"2023-08-18T16:24:04","slug":"indice-de-expedientes-clasificados-2","status":"publish","type":"page","link":"https:\/\/www.irapuato.gob.mx\/transparencia\/indice-de-expedientes-clasificados-2\/","title":{"rendered":"\u00cdndice de Expedientes Clasificados"},"content":{"rendered":"\n<div class=\" custom-box-ig9jcz\" id=\"\"><\/p>\n<div style=\"font-size: 24px; font-weight: bold; text-align: center; color: #fff;\">\u00cdndice de Expedientes Clasificados<\/div>\n<div style=\"height: 10px;\">\u00a0<\/div>\n<div style=\"text-align: center; background: #00000075; font-weight: bold; color: #fff;\">\n<p>Las \u00e1reas del sujeto obligado elaborar\u00e1n un \u00edndice de los expedientes clasificados como reservados, por \u00e1rea responsable de la informaci\u00f3n y tema.<\/p>\n<p>El \u00edndice deber\u00e1 elaborarse semestralmente y publicarse en la p\u00e1gina de internet del Instituto, as\u00ed como en la de los sujetos obligados en formatos abiertos. Dicho \u00edndice deber\u00e1 publicarse al d\u00eda siguiente de su actualizaci\u00f3n y deber\u00e1 indicar la unidad administrativa que gener\u00f3 la informaci\u00f3n, el nombre del documento, si se trata de una<br \/>reserva completa o parcial, la fecha en que inicia y finaliza la reserva, su justificaci\u00f3n, el plazo de reserva y, en su caso, las partes del documento que se reservan y si se encuentra en pr\u00f3rroga.<\/p>\n<p>En ning\u00fan caso el \u00edndice ser\u00e1 considerado como informaci\u00f3n reservada.<\/p>\n<\/div>\n<p> <\/div>\n<i id=\"\" class=\" fa fa-separador magee-fa-icon icon-boxed\" style=\"font-size:10px;background:#ffffff;\"><\/i>\n<table class=\" aligncenter\" style=\"width: 460px; border-color: #9e9e9e;\">\n<tbody>\n<tr>\n<td style=\"width: 230px; background-color: #85d1d4; text-align: center;\"><strong><span style=\"color: #ffffff;\">Periodicidad<\/span><\/strong><\/td>\n<td style=\"text-align: center;\">Semestral<\/td>\n<\/tr>\n<tr>\n<td style=\"width: 230px; background-color: #85d1d4; text-align: center;\"><strong><span style=\"color: #ffffff;\">Vigencia<\/span><\/strong><\/td>\n<td style=\"width: 230px; text-align: center;\">Informaci\u00f3n Actual<\/td>\n<\/tr>\n<\/tbody>\n<\/table>\n<div class=\" tabs-6gyxw3 tab-pills  magee-shortcode magee-tab-box\" role=\"tabpanel\" data-example-id=\"togglable-tabs\" id=\"\">\r\n               <ul id=\"\" class=\" nav nav-pills nav-justified\" role=\"tablist\"> <li role=\"presentation\" class=\"active\"><a href=\"#tab-wzzodx\" id=\"tab-wzzodx-tab\" role=\"tab\" data-toggle=\"tab\" aria-controls=\"tab-wzzodx\" aria-expanded=\"true\"><h4 class=\"tab-title  \"> <i class=\"fa fa-calendar-check-o\"><\/i>2023<\/h4><\/a><\/li> <li role=\"presentation\" class=\"\"><a href=\"#tab-tr0ze5\" id=\"tab-tr0ze5-tab\" role=\"tab\" data-toggle=\"tab\" aria-controls=\"tab-tr0ze5\" aria-expanded=\" false\"><h4 class=\"tab-title  \"> <i class=\"fa fa-calendar-check-o\"><\/i>2022<\/h4><\/a><\/li> <li role=\"presentation\" class=\"\"><a href=\"#tab-ja0jxq\" id=\"tab-ja0jxq-tab\" role=\"tab\" data-toggle=\"tab\" aria-controls=\"tab-ja0jxq\" aria-expanded=\" false\"><h4 class=\"tab-title  \"> <i class=\"fa fa-calendar-check-o\"><\/i>2021<\/h4><\/a><\/li> <li role=\"presentation\" class=\"\"><a href=\"#tab-snig4a\" id=\"tab-snig4a-tab\" role=\"tab\" data-toggle=\"tab\" aria-controls=\"tab-snig4a\" aria-expanded=\" false\"><h4 class=\"tab-title  \"> <i class=\"fa fa-calendar-check-o\"><\/i>2020<\/h4><\/a><\/li> <li role=\"presentation\" class=\"\"><a href=\"#tab-ixfyzy\" id=\"tab-ixfyzy-tab\" role=\"tab\" data-toggle=\"tab\" aria-controls=\"tab-ixfyzy\" aria-expanded=\" false\"><h4 class=\"tab-title  \"> <i class=\"fa fa-calendar-check-o\"><\/i>2019<\/h4><\/a><\/li>\r\n               <\/ul><div id=\"\" class=\"tab-content \"><\/p>\n<div role=\"tabpanel\" class=\"tab-pane fade active in\" id=\"tab-wzzodx\"><p><div class=\" accordion-od0hmp style1 magee-shortcode panel-group magee-accordion accordion-simple\" role=\"tablist\" aria-multiselectable=\"no\" id=\"accordion-od0hmp\"><\/div>\n<table class=\"aligncenter\" style=\"width: 460px;\" border=\"2\">\n<tbody>\n<tr>\n<td style=\"text-align: center; width: 123px; vertical-align: middle; background-color: #dbdbdb;\"><strong>Unidad de Transparencia<\/strong><\/td>\n<td style=\"background-color: #dbdbdb; width: 170px; text-align: center; vertical-align: middle;\"><strong>1er Semestre<\/strong><\/td>\n<td style=\"background-color: #dbdbdb; width: 170px; text-align: center; vertical-align: middle;\"><strong>2do Semestre<\/strong><\/td>\n<\/tr>\n<tr>\n<td style=\"vertical-align: middle; text-align: center; width: 123px;\">\u00cdndice de Expedientes Clasificados<\/td>\n<td style=\"width: 80px; text-align: center; vertical-align: middle;\"><br \/><a href=\"https:\/\/transparencia.irapuato.gob.mx\/ART69\/2022\/22_1S_UT_69.xlsx\"><img decoding=\"async\" loading=\"lazy\" class=\"aligncenter wp-image-434\" title=\"Primer Semestre\" src=\"https:\/\/www.irapuato.gob.mx\/transparencia\/wp-content\/uploads\/2016\/09\/excel-icon.png\" alt=\"\" width=\"50\" height=\"50\" srcset=\"https:\/\/www.irapuato.gob.mx\/transparencia\/wp-content\/uploads\/2016\/09\/excel-icon.png 256w, https:\/\/www.irapuato.gob.mx\/transparencia\/wp-content\/uploads\/2016\/09\/excel-icon-150x150.png 150w\" sizes=\"(max-width: 50px) 100vw, 50px\" \/><\/a><\/td>\n<td style=\"width: 80px; text-align: center; vertical-align: middle;\">\u00a0<\/td>\n<\/tr>\n<\/tbody>\n<\/table>\n<\/p><\/div>\n<div role=\"tabpanel\" class=\"tab-pane fade \" id=\"tab-tr0ze5\"><p><div class=\" accordion-aq3cb0 style1 magee-shortcode panel-group magee-accordion accordion-simple\" role=\"tablist\" aria-multiselectable=\"no\" id=\"accordion-aq3cb0\"><\/div>\n<table class=\"aligncenter\" style=\"width: 460px;\" border=\"2\">\n<tbody>\n<tr>\n<td style=\"text-align: center; width: 123px; vertical-align: middle; background-color: #dbdbdb;\"><strong>Unidad de Transparencia<\/strong><\/td>\n<td style=\"background-color: #dbdbdb; width: 170px; text-align: center; vertical-align: middle;\"><strong>1er Semestre<\/strong><\/td>\n<td style=\"background-color: #dbdbdb; width: 170px; text-align: center; vertical-align: middle;\"><strong>2do Semestre<\/strong><\/td>\n<\/tr>\n<tr>\n<td style=\"vertical-align: middle; text-align: center; width: 123px;\">\u00cdndice de Expedientes Clasificados<\/td>\n<td style=\"width: 80px; text-align: center; vertical-align: middle;\"><br \/><a href=\"https:\/\/transparencia.irapuato.gob.mx\/ART69\/2022\/22_1S_UT_69.xlsx\"><img decoding=\"async\" loading=\"lazy\" class=\"aligncenter wp-image-434\" title=\"Primer Semestre\" src=\"https:\/\/www.irapuato.gob.mx\/transparencia\/wp-content\/uploads\/2016\/09\/excel-icon.png\" alt=\"\" width=\"50\" height=\"50\" srcset=\"https:\/\/www.irapuato.gob.mx\/transparencia\/wp-content\/uploads\/2016\/09\/excel-icon.png 256w, https:\/\/www.irapuato.gob.mx\/transparencia\/wp-content\/uploads\/2016\/09\/excel-icon-150x150.png 150w\" sizes=\"(max-width: 50px) 100vw, 50px\" \/><\/a><\/td>\n<td style=\"width: 80px; text-align: center; vertical-align: middle;\"><a href=\"https:\/\/transparencia.irapuato.gob.mx\/ART69\/2022\/22_2S_UT_A69.xlsx\"><img decoding=\"async\" loading=\"lazy\" class=\"aligncenter wp-image-434\" title=\"Segundo Semestre\" src=\"https:\/\/www.irapuato.gob.mx\/transparencia\/wp-content\/uploads\/2016\/09\/excel-icon.png\" alt=\"\" width=\"50\" height=\"50\" srcset=\"https:\/\/www.irapuato.gob.mx\/transparencia\/wp-content\/uploads\/2016\/09\/excel-icon.png 256w, https:\/\/www.irapuato.gob.mx\/transparencia\/wp-content\/uploads\/2016\/09\/excel-icon-150x150.png 150w\" sizes=\"(max-width: 50px) 100vw, 50px\" \/><\/a><\/td>\n<\/tr>\n<\/tbody>\n<\/table>\n<\/p><\/div>\n<div role=\"tabpanel\" class=\"tab-pane fade \" id=\"tab-ja0jxq\"><p><div class=\" accordion-york9g style1 magee-shortcode panel-group magee-accordion accordion-simple\" role=\"tablist\" aria-multiselectable=\"no\" id=\"accordion-york9g\"><\/div>\n<table class=\"aligncenter\" style=\"width: 460px;\" border=\"2\">\n<tbody>\n<tr>\n<td style=\"text-align: center; width: 123px; vertical-align: middle; background-color: #dbdbdb;\"><strong>Unidad de Transparencia<\/strong><\/td>\n<td style=\"background-color: #dbdbdb; width: 170px; text-align: center; vertical-align: middle;\"><strong>1er Semestre<\/strong><\/td>\n<td style=\"background-color: #dbdbdb; width: 170px; text-align: center; vertical-align: middle;\"><strong>2do Semestre<\/strong><\/td>\n<\/tr>\n<tr>\n<td style=\"vertical-align: middle; text-align: center; width: 123px;\">\u00cdndice de Expedientes Clasificados<\/td>\n<td style=\"width: 80px; text-align: center; vertical-align: middle;\"><br \/><a href=\"https:\/\/transparencia.irapuato.gob.mx\/ART69\/2021\/21_1S_UT_A69.xlsx\"><img decoding=\"async\" loading=\"lazy\" class=\"aligncenter wp-image-434\" title=\"Primer Semestre\" src=\"https:\/\/www.irapuato.gob.mx\/transparencia\/wp-content\/uploads\/2016\/09\/excel-icon.png\" alt=\"\" width=\"50\" height=\"50\" srcset=\"https:\/\/www.irapuato.gob.mx\/transparencia\/wp-content\/uploads\/2016\/09\/excel-icon.png 256w, https:\/\/www.irapuato.gob.mx\/transparencia\/wp-content\/uploads\/2016\/09\/excel-icon-150x150.png 150w\" sizes=\"(max-width: 50px) 100vw, 50px\" \/><\/a><\/td>\n<td style=\"width: 80px; text-align: center; vertical-align: middle;\"><a href=\"https:\/\/transparencia.irapuato.gob.mx\/ART69\/2021\/21_2S_UT_A69.xlsx\"><img decoding=\"async\" loading=\"lazy\" class=\"aligncenter wp-image-434\" title=\"Segundo Semestre\" src=\"https:\/\/www.irapuato.gob.mx\/transparencia\/wp-content\/uploads\/2016\/09\/excel-icon.png\" alt=\"\" width=\"50\" height=\"50\" srcset=\"https:\/\/www.irapuato.gob.mx\/transparencia\/wp-content\/uploads\/2016\/09\/excel-icon.png 256w, https:\/\/www.irapuato.gob.mx\/transparencia\/wp-content\/uploads\/2016\/09\/excel-icon-150x150.png 150w\" sizes=\"(max-width: 50px) 100vw, 50px\" \/><\/a><\/td>\n<\/tr>\n<\/tbody>\n<\/table>\n<\/p><\/div>\n<p>\u00a0<\/p>\n<div role=\"tabpanel\" class=\"tab-pane fade \" id=\"tab-snig4a\"><p><div class=\" accordion-ja7kl1 style1 magee-shortcode panel-group magee-accordion accordion-simple\" role=\"tablist\" aria-multiselectable=\"no\" id=\"accordion-ja7kl1\"><\/div>\n<table class=\"aligncenter\" style=\"width: 460px;\" border=\"2\">\n<tbody>\n<tr>\n<td style=\"text-align: center; width: 123px; vertical-align: middle; background-color: #dbdbdb;\"><strong>Unidad de Transparencia<\/strong><\/td>\n<td style=\"background-color: #dbdbdb; width: 170px; text-align: center; vertical-align: middle;\"><strong>1er Semestre<\/strong><\/td>\n<td style=\"background-color: #dbdbdb; width: 170px; text-align: center; vertical-align: middle;\"><strong>2do Semestre<\/strong><\/td>\n<\/tr>\n<tr>\n<td style=\"vertical-align: middle; text-align: center; width: 123px;\">\u00cdndice de Expedientes Clasificados<\/td>\n<td style=\"width: 80px; text-align: center; vertical-align: middle;\"><br \/><a href=\"https:\/\/transparencia.irapuato.gob.mx\/ART69\/2020\/A69_F1.xlsx\"><img decoding=\"async\" loading=\"lazy\" class=\"aligncenter wp-image-434\" title=\"Primer Semestre\" src=\"https:\/\/www.irapuato.gob.mx\/transparencia\/wp-content\/uploads\/2016\/09\/excel-icon.png\" alt=\"\" width=\"50\" height=\"50\" srcset=\"https:\/\/www.irapuato.gob.mx\/transparencia\/wp-content\/uploads\/2016\/09\/excel-icon.png 256w, https:\/\/www.irapuato.gob.mx\/transparencia\/wp-content\/uploads\/2016\/09\/excel-icon-150x150.png 150w\" sizes=\"(max-width: 50px) 100vw, 50px\" \/><\/a><\/td>\n<td style=\"width: 80px; text-align: center; vertical-align: middle;\"><a href=\"https:\/\/transparencia.irapuato.gob.mx\/ART69\/2020\/2do%20sem\/A69_F1.xlsx\"><img decoding=\"async\" loading=\"lazy\" class=\"aligncenter wp-image-434\" title=\"Segundo Semestre\" src=\"https:\/\/www.irapuato.gob.mx\/transparencia\/wp-content\/uploads\/2016\/09\/excel-icon.png\" alt=\"\" width=\"50\" height=\"50\" srcset=\"https:\/\/www.irapuato.gob.mx\/transparencia\/wp-content\/uploads\/2016\/09\/excel-icon.png 256w, https:\/\/www.irapuato.gob.mx\/transparencia\/wp-content\/uploads\/2016\/09\/excel-icon-150x150.png 150w\" sizes=\"(max-width: 50px) 100vw, 50px\" \/><\/a><\/td>\n<\/tr>\n<\/tbody>\n<\/table>\n<\/p><\/div>\n<div role=\"tabpanel\" class=\"tab-pane fade \" id=\"tab-ixfyzy\"><p><div class=\" accordion-y8pmvs style1 magee-shortcode panel-group magee-accordion accordion-simple\" role=\"tablist\" aria-multiselectable=\"no\" id=\"accordion-y8pmvs\"><\/div>\n<table class=\"aligncenter\" style=\"width: 460px;\" border=\"2\">\n<tbody>\n<tr>\n<td style=\"text-align: center; width: 123px; vertical-align: middle; background-color: #dbdbdb;\"><strong>Unidad de Transparencia<\/strong><\/td>\n<td style=\"background-color: #dbdbdb; width: 170px; text-align: center; vertical-align: middle;\"><strong>1er Semestre<\/strong><\/td>\n<td style=\"background-color: #dbdbdb; width: 170px; text-align: center; vertical-align: middle;\"><strong>2do Semestre<\/strong><\/td>\n<\/tr>\n<tr>\n<td style=\"vertical-align: middle; text-align: center; width: 123px;\">\u00cdndice de Expedientes Clasificados<\/td>\n<td style=\"width: 80px; text-align: center; vertical-align: middle;\"><a href=\"https:\/\/transparencia.irapuato.gob.mx\/ART69\/2019\/19_1S_UT_A69_F1.xlsx\"><br \/><img decoding=\"async\" loading=\"lazy\" class=\"aligncenter wp-image-434\" title=\"Primer Semestre\" src=\"https:\/\/www.irapuato.gob.mx\/transparencia\/wp-content\/uploads\/2016\/09\/excel-icon.png\" alt=\"\" width=\"50\" height=\"50\" srcset=\"https:\/\/www.irapuato.gob.mx\/transparencia\/wp-content\/uploads\/2016\/09\/excel-icon.png 256w, https:\/\/www.irapuato.gob.mx\/transparencia\/wp-content\/uploads\/2016\/09\/excel-icon-150x150.png 150w\" sizes=\"(max-width: 50px) 100vw, 50px\" \/><\/a><\/td>\n<td style=\"width: 80px; text-align: center; vertical-align: middle;\"><a href=\"https:\/\/transparencia.irapuato.gob.mx\/ART69\/2019\/19_2S_UT_A69_F1.xlsx\"><br \/><img decoding=\"async\" loading=\"lazy\" class=\"aligncenter wp-image-434\" title=\"Primer Semestre\" src=\"https:\/\/www.irapuato.gob.mx\/transparencia\/wp-content\/uploads\/2016\/09\/excel-icon.png\" alt=\"\" width=\"50\" height=\"50\" srcset=\"https:\/\/www.irapuato.gob.mx\/transparencia\/wp-content\/uploads\/2016\/09\/excel-icon.png 256w, https:\/\/www.irapuato.gob.mx\/transparencia\/wp-content\/uploads\/2016\/09\/excel-icon-150x150.png 150w\" sizes=\"(max-width: 50px) 100vw, 50px\" \/><\/a><\/td>\n<\/tr>\n<\/tbody>\n<\/table>\n<\/p><\/div>\n<p><\/div><\/div>\n<div class=\" divider magee-divider magee-shortcode divider-1ns38y divider-back-to-top\" id=\"\">\r\n\t\t\t<div class=\"divider-inner divider-border\">\r\n\t\t\t<div class=\"divider-inner-item divider-border\">\r\n\t\t\t\t<div class=\"divider-inner\"><\/div>\r\n\t\t\t<\/div>\r\n\t\t\t<div class=\"divider-inner-item divider-inner-back-to-top\">\r\n\t\t\t\t<a href=\"#\" class=\"magee-back-to-top\"><i class=\"fa fa-arrow-up\"><\/i><\/a>\r\n\t\t\t<\/div>\r\n\t\t\t<\/div>\r\n\t\t\t<\/div>\n<div class=\"pvc_clear\"><\/div><p class=\"pvc_stats all \" data-element-id=\"11669\" style=\"\"><i class=\"pvc-stats-icon medium\" aria-hidden=\"true\"><svg aria-hidden=\"true\" focusable=\"false\" data-prefix=\"far\" data-icon=\"chart-bar\" role=\"img\" xmlns=\"http:\/\/www.w3.org\/2000\/svg\" viewBox=\"0 0 512 512\" class=\"svg-inline--fa fa-chart-bar fa-w-16 fa-2x\"><path fill=\"currentColor\" d=\"M396.8 352h22.4c6.4 0 12.8-6.4 12.8-12.8V108.8c0-6.4-6.4-12.8-12.8-12.8h-22.4c-6.4 0-12.8 6.4-12.8 12.8v230.4c0 6.4 6.4 12.8 12.8 12.8zm-192 0h22.4c6.4 0 12.8-6.4 12.8-12.8V140.8c0-6.4-6.4-12.8-12.8-12.8h-22.4c-6.4 0-12.8 6.4-12.8 12.8v198.4c0 6.4 6.4 12.8 12.8 12.8zm96 0h22.4c6.4 0 12.8-6.4 12.8-12.8V204.8c0-6.4-6.4-12.8-12.8-12.8h-22.4c-6.4 0-12.8 6.4-12.8 12.8v134.4c0 6.4 6.4 12.8 12.8 12.8zM496 400H48V80c0-8.84-7.16-16-16-16H16C7.16 64 0 71.16 0 80v336c0 17.67 14.33 32 32 32h464c8.84 0 16-7.16 16-16v-16c0-8.84-7.16-16-16-16zm-387.2-48h22.4c6.4 0 12.8-6.4 12.8-12.8v-70.4c0-6.4-6.4-12.8-12.8-12.8h-22.4c-6.4 0-12.8 6.4-12.8 12.8v70.4c0 6.4 6.4 12.8 12.8 12.8z\" class=\"\"><\/path><\/svg><\/i> &nbsp;1,201&nbsp;total views, &nbsp;1&nbsp;views today<\/p><div class=\"pvc_clear\"><\/div>","protected":false},"excerpt":{"rendered":"<p>Periodicidad Semestral Vigencia Informaci\u00f3n Actual &nbsp;1,201&nbsp;total views, &nbsp;1&nbsp;views today<\/p>\n<div class=\"pvc_clear\"><\/div>\n<p class=\"pvc_stats all \" data-element-id=\"11669\" style=\"\"><i class=\"pvc-stats-icon medium\" aria-hidden=\"true\"><svg aria-hidden=\"true\" focusable=\"false\" data-prefix=\"far\" data-icon=\"chart-bar\" role=\"img\" xmlns=\"http:\/\/www.w3.org\/2000\/svg\" viewBox=\"0 0 512 512\" class=\"svg-inline--fa fa-chart-bar fa-w-16 fa-2x\"><path fill=\"currentColor\" d=\"M396.8 352h22.4c6.4 0 12.8-6.4 12.8-12.8V108.8c0-6.4-6.4-12.8-12.8-12.8h-22.4c-6.4 0-12.8 6.4-12.8 12.8v230.4c0 6.4 6.4 12.8 12.8 12.8zm-192 0h22.4c6.4 0 12.8-6.4 12.8-12.8V140.8c0-6.4-6.4-12.8-12.8-12.8h-22.4c-6.4 0-12.8 6.4-12.8 12.8v198.4c0 6.4 6.4 12.8 12.8 12.8zm96 0h22.4c6.4 0 12.8-6.4 12.8-12.8V204.8c0-6.4-6.4-12.8-12.8-12.8h-22.4c-6.4 0-12.8 6.4-12.8 12.8v134.4c0 6.4 6.4 12.8 12.8 12.8zM496 400H48V80c0-8.84-7.16-16-16-16H16C7.16 64 0 71.16 0 80v336c0 17.67 14.33 32 32 32h464c8.84 0 16-7.16 16-16v-16c0-8.84-7.16-16-16-16zm-387.2-48h22.4c6.4 0 12.8-6.4 12.8-12.8v-70.4c0-6.4-6.4-12.8-12.8-12.8h-22.4c-6.4 0-12.8 6.4-12.8 12.8v70.4c0 6.4 6.4 12.8 12.8 12.8z\" class=\"\"><\/path><\/svg><\/i> &nbsp;1,201&nbsp;total views, &nbsp;1&nbsp;views today<\/p>\n<div class=\"pvc_clear\"><\/div>\n","protected":false},"author":2,"featured_media":0,"parent":0,"menu_order":0,"comment_status":"closed","ping_status":"closed","template":"","meta":{"footnotes":""},"_links":{"self":[{"href":"https:\/\/www.irapuato.gob.mx\/transparencia\/wp-json\/wp\/v2\/pages\/11669"}],"collection":[{"href":"https:\/\/www.irapuato.gob.mx\/transparencia\/wp-json\/wp\/v2\/pages"}],"about":[{"href":"https:\/\/www.irapuato.gob.mx\/transparencia\/wp-json\/wp\/v2\/types\/page"}],"author":[{"embeddable":true,"href":"https:\/\/www.irapuato.gob.mx\/transparencia\/wp-json\/wp\/v2\/users\/2"}],"replies":[{"embeddable":true,"href":"https:\/\/www.irapuato.gob.mx\/transparencia\/wp-json\/wp\/v2\/comments?post=11669"}],"version-history":[{"count":19,"href":"https:\/\/www.irapuato.gob.mx\/transparencia\/wp-json\/wp\/v2\/pages\/11669\/revisions"}],"predecessor-version":[{"id":22983,"href":"https:\/\/www.irapuato.gob.mx\/transparencia\/wp-json\/wp\/v2\/pages\/11669\/revisions\/22983"}],"wp:attachment":[{"href":"https:\/\/www.irapuato.gob.mx\/transparencia\/wp-json\/wp\/v2\/media?parent=11669"}],"curies":[{"name":"wp","href":"https:\/\/api.w.org\/{rel}","templated":true}]}}