{"id":10145,"date":"2019-11-21T14:51:13","date_gmt":"2019-11-21T20:51:13","guid":{"rendered":"http:\/\/www.irapuato.gob.mx\/transparencia\/?page_id=10145"},"modified":"2019-11-21T14:56:55","modified_gmt":"2019-11-21T20:56:55","slug":"analisis-costo-beneficio-de-la-obra-modernizacion-del-segundo-cinturon-vial","status":"publish","type":"page","link":"https:\/\/www.irapuato.gob.mx\/transparencia\/analisis-costo-beneficio-de-la-obra-modernizacion-del-segundo-cinturon-vial\/","title":{"rendered":"An\u00e1lisis Costo Beneficio de la Obra: \u00abModernizaci\u00f3n del Segundo Cintur\u00f3n Vial\u00bb"},"content":{"rendered":"<p style=\"text-align: center;\"><strong>ACB de la Obra: \u00abObras de Modernizaci\u00f3n del Segundo Cintur\u00f3n Vial; Pavimentaci\u00f3n de la Av. Juan Jos\u00e9 Torres Landa, tramo: Glorieta de los Ni\u00f1os H\u00e9roes a la Glorieta de San Antonio\u00bb.<\/strong><\/p>\n<table style=\"width: 90%;\" border=\"1\" width=\"90%\" cellspacing=\"0\" cellpadding=\"0\">\n<tbody>\n<tr bgcolor=\"#999999\">\n<td style=\"width: 57.861%;\"><\/td>\n<td style=\"width: 24.4522%;\" align=\"center\">\n<p style=\"color: #ffffff; text-align: center;\"><strong>An\u00e1lisis Costo &#8211; Beneficio<\/strong><\/p>\n<\/td>\n<td style=\"width: 17.3347%;\" align=\"center\">\n<p style=\"color: #ffffff; text-align: center;\"><strong>Anexo<\/strong><\/p>\n<\/td>\n<\/tr>\n<tr>\n<td style=\"width: 57.861%;\"><em>Obras de Modernizaci\u00f3n del Segundo Cintur\u00f3n Vial; Pavimentaci\u00f3n de la Av. Juan Jos\u00e9 Torres Landa, tramo: Glorieta de los Ni\u00f1os H\u00e9roes a la Glorieta de San Antonio<\/em><\/td>\n<td style=\"width: 24.4522%;\" align=\"center\"><a href=\"https:\/\/www.irapuato.gob.mx\/transparencia\/files\/uploads\/2019\/acb_2docinturonvial.pdf\" target=\"_new\" rel=\"noopener noreferrer\"><img decoding=\"async\" loading=\"lazy\" class=\"aligncenter\" src=\"https:\/\/www.irapuato.gob.mx\/transparencia\/wp-content\/uploads\/2016\/09\/pdf-icon-150x150.png\" width=\"60\" height=\"60\" \/><\/a><\/td>\n<td style=\"width: 17.3347%;\" align=\"center\"><a href=\"https:\/\/www.irapuato.gob.mx\/transparencia\/files\/uploads\/2019\/anexog_2docinturonvial.xls\" target=\"_parent\" rel=\"noopener noreferrer\"><img decoding=\"async\" loading=\"lazy\" class=\"aligncenter\" src=\"https:\/\/www.irapuato.gob.mx\/transparencia\/wp-content\/uploads\/2016\/09\/excel-icon-150x150.png\" width=\"60\" height=\"60\" \/><\/a><\/td>\n<\/tr>\n<\/tbody>\n<\/table>\n<div class=\"pvc_clear\"><\/div>\n<p class=\"pvc_stats all \" data-element-id=\"10145\" style=\"\"><i class=\"pvc-stats-icon medium\" aria-hidden=\"true\"><svg aria-hidden=\"true\" focusable=\"false\" data-prefix=\"far\" data-icon=\"chart-bar\" role=\"img\" xmlns=\"http:\/\/www.w3.org\/2000\/svg\" viewBox=\"0 0 512 512\" class=\"svg-inline--fa fa-chart-bar fa-w-16 fa-2x\"><path fill=\"currentColor\" d=\"M396.8 352h22.4c6.4 0 12.8-6.4 12.8-12.8V108.8c0-6.4-6.4-12.8-12.8-12.8h-22.4c-6.4 0-12.8 6.4-12.8 12.8v230.4c0 6.4 6.4 12.8 12.8 12.8zm-192 0h22.4c6.4 0 12.8-6.4 12.8-12.8V140.8c0-6.4-6.4-12.8-12.8-12.8h-22.4c-6.4 0-12.8 6.4-12.8 12.8v198.4c0 6.4 6.4 12.8 12.8 12.8zm96 0h22.4c6.4 0 12.8-6.4 12.8-12.8V204.8c0-6.4-6.4-12.8-12.8-12.8h-22.4c-6.4 0-12.8 6.4-12.8 12.8v134.4c0 6.4 6.4 12.8 12.8 12.8zM496 400H48V80c0-8.84-7.16-16-16-16H16C7.16 64 0 71.16 0 80v336c0 17.67 14.33 32 32 32h464c8.84 0 16-7.16 16-16v-16c0-8.84-7.16-16-16-16zm-387.2-48h22.4c6.4 0 12.8-6.4 12.8-12.8v-70.4c0-6.4-6.4-12.8-12.8-12.8h-22.4c-6.4 0-12.8 6.4-12.8 12.8v70.4c0 6.4 6.4 12.8 12.8 12.8z\" class=\"\"><\/path><\/svg><\/i> &nbsp;2,600&nbsp;total views<\/p>\n<div class=\"pvc_clear\"><\/div>\n","protected":false},"excerpt":{"rendered":"<p>ACB de la Obra: \u00abObras de Modernizaci\u00f3n del Segundo Cintur\u00f3n Vial; Pavimentaci\u00f3n de la Av. Juan Jos\u00e9 Torres Landa, tramo: Glorieta de los Ni\u00f1os H\u00e9roes&#8230;<\/p>\n<div class=\"pvc_clear\"><\/div>\n<p class=\"pvc_stats all \" data-element-id=\"10145\" style=\"\"><i class=\"pvc-stats-icon medium\" aria-hidden=\"true\"><svg aria-hidden=\"true\" focusable=\"false\" data-prefix=\"far\" data-icon=\"chart-bar\" role=\"img\" xmlns=\"http:\/\/www.w3.org\/2000\/svg\" viewBox=\"0 0 512 512\" class=\"svg-inline--fa fa-chart-bar fa-w-16 fa-2x\"><path fill=\"currentColor\" d=\"M396.8 352h22.4c6.4 0 12.8-6.4 12.8-12.8V108.8c0-6.4-6.4-12.8-12.8-12.8h-22.4c-6.4 0-12.8 6.4-12.8 12.8v230.4c0 6.4 6.4 12.8 12.8 12.8zm-192 0h22.4c6.4 0 12.8-6.4 12.8-12.8V140.8c0-6.4-6.4-12.8-12.8-12.8h-22.4c-6.4 0-12.8 6.4-12.8 12.8v198.4c0 6.4 6.4 12.8 12.8 12.8zm96 0h22.4c6.4 0 12.8-6.4 12.8-12.8V204.8c0-6.4-6.4-12.8-12.8-12.8h-22.4c-6.4 0-12.8 6.4-12.8 12.8v134.4c0 6.4 6.4 12.8 12.8 12.8zM496 400H48V80c0-8.84-7.16-16-16-16H16C7.16 64 0 71.16 0 80v336c0 17.67 14.33 32 32 32h464c8.84 0 16-7.16 16-16v-16c0-8.84-7.16-16-16-16zm-387.2-48h22.4c6.4 0 12.8-6.4 12.8-12.8v-70.4c0-6.4-6.4-12.8-12.8-12.8h-22.4c-6.4 0-12.8 6.4-12.8 12.8v70.4c0 6.4 6.4 12.8 12.8 12.8z\" class=\"\"><\/path><\/svg><\/i> &nbsp;2,600&nbsp;total views<\/p>\n<div class=\"pvc_clear\"><\/div>\n","protected":false},"author":2,"featured_media":0,"parent":0,"menu_order":0,"comment_status":"closed","ping_status":"closed","template":"","meta":{"footnotes":""},"_links":{"self":[{"href":"https:\/\/www.irapuato.gob.mx\/transparencia\/wp-json\/wp\/v2\/pages\/10145"}],"collection":[{"href":"https:\/\/www.irapuato.gob.mx\/transparencia\/wp-json\/wp\/v2\/pages"}],"about":[{"href":"https:\/\/www.irapuato.gob.mx\/transparencia\/wp-json\/wp\/v2\/types\/page"}],"author":[{"embeddable":true,"href":"https:\/\/www.irapuato.gob.mx\/transparencia\/wp-json\/wp\/v2\/users\/2"}],"replies":[{"embeddable":true,"href":"https:\/\/www.irapuato.gob.mx\/transparencia\/wp-json\/wp\/v2\/comments?post=10145"}],"version-history":[{"count":5,"href":"https:\/\/www.irapuato.gob.mx\/transparencia\/wp-json\/wp\/v2\/pages\/10145\/revisions"}],"predecessor-version":[{"id":10152,"href":"https:\/\/www.irapuato.gob.mx\/transparencia\/wp-json\/wp\/v2\/pages\/10145\/revisions\/10152"}],"wp:attachment":[{"href":"https:\/\/www.irapuato.gob.mx\/transparencia\/wp-json\/wp\/v2\/media?parent=10145"}],"curies":[{"name":"wp","href":"https:\/\/api.w.org\/{rel}","templated":true}]}}